of 331812 and 364?
52
What is the highest common divisor of 251870 and 32828?
566
What is the greatest common factor of 399360 and 720?
240
What is the highest common divisor of 961379 and 29?
29
Calculate the greatest common factor of 70 and 74935.
35
What is the greatest common divisor of 11952 and 1826?
166
Calculate the highest common factor of 3144047 and 383.
383
What is the greatest common divisor of 840 and 96840?
120
Calculate the greatest common divisor of 20 and 854540.
20
Calculate the greatest common factor of 214194 and 1392.
174
Calculate the highest common factor of 1674 and 1197468.
558
What is the greatest common divisor of 5243 and 784?
49
Calculate the greatest common divisor of 115 and 505.
5
What is the greatest common factor of 5312 and 33615?
83
Calculate the highest common divisor of 1866505 and 5.
5
Calculate the greatest common divisor of 234 and 1122264.
234
What is the highest common divisor of 7391 and 1995?
19
What is the highest common divisor of 1860 and 66588?
372
Calculate the highest common factor of 84 and 143364.
12
What is the greatest common divisor of 1115481 and 213?
213
Calculate the greatest common factor of 2442 and 17226.
66
What is the highest common divisor of 12616 and 49136?
664
Calculate the greatest common factor of 67176 and 56.
8
What is the highest common divisor of 243 and 15681?
3
What is the highest common factor of 93 and 906564?
93
Calculate the highest common divisor of 5753 and 264.
11
What is the greatest common divisor of 236 and 511117?
59
What is the highest common divisor of 18876 and 10956?
132
Calculate the highest common factor of 506 and 38082.
22
What is the highest common divisor of 1140179 and 623?
89
What is the highest common factor of 27 and 47736?
27
What is the greatest common divisor of 40477 and 136?
17
What is the greatest common factor of 317 and 556?
1
Calculate the highest common divisor of 13725 and 9900.
225
What is the greatest common divisor of 6 and 20728?
2
Calculate the highest common divisor of 34 and 75259.
17
What is the greatest common factor of 4848 and 1583680?
1616
What is the greatest common divisor of 13 and 9282?
13
Calculate the greatest common divisor of 3396 and 72.
12
What is the greatest common factor of 6 and 24774?
6
What is the greatest common divisor of 1380 and 26772?
276
Calculate the greatest common divisor of 64046 and 124.
62
What is the greatest common factor of 892 and 59095?
223
What is the highest common divisor of 23864 and 1045?
19
Calculate the greatest common divisor of 5750 and 470.
10
Calculate the greatest common factor of 168 and 172599.
21
Calculate the highest common divisor of 15 and 5073.
3
Calculate the greatest common divisor of 580928 and 464.
464
What is the greatest common factor of 7938 and 10528?
14
Calculate the greatest common factor of 51912 and 378.
126
Calculate the greatest common factor of 30 and 596835.
15
What is the highest common factor of 11520 and 2700?
180
What is the highest common factor of 312 and 20202?
78
What is the greatest common divisor of 97091 and 2291?
79
Calculate the greatest common factor of 84 and 12654.
6
What is the highest common factor of 303240 and 95?
95
What is the greatest common factor of 66125 and 8993?
529
What is the greatest common divisor of 477 and 653013?
477
Calculate the highest common factor of 221 and 80093.
13
What is the greatest common factor of 2875 and 55?
5
What is the greatest common factor of 86995 and 5715?
635
What is the greatest common factor of 99 and 36982?
11
Calculate the highest common factor of 842685 and 30.
15
What is the greatest common divisor of 465 and 63240?
465
Calculate the greatest common factor of 473918 and 58.
58
What is the highest common divisor of 2464 and 312224?
352
Calculate the greatest common factor of 27540 and 145260.
540
What is the highest common factor of 18800 and 438275?
1175
What is the greatest common divisor of 15 and 9375?
15
What is the greatest common divisor of 662 and 242292?
662
Calculate the highest common factor of 1034 and 1692.
94
Calculate the highest common divisor of 5485 and 1535.
5
Calculate the highest common factor of 98 and 2758.
14
Calculate the greatest common divisor of 2261 and 87533.
323
What is the highest common factor of 15855 and 1680?
105
Calculate the highest common divisor of 547960 and 309.
103
What is the greatest common factor of 21414 and 3?
3
Calculate the greatest common divisor of 288 and 416656.
16
Calculate the greatest common divisor of 2375 and 10125.
125
What is the greatest common factor of 32196 and 2664?
12
What is the highest common divisor of 192 and 399120?
48
What is the greatest common factor of 374 and 153442?
34
What is the highest common divisor of 41726 and 1860?
62
What is the highest common factor of 5808 and 10032?
528
What is the highest common divisor of 5781078 and 54?
54
Calculate the greatest common divisor of 160 and 810.
10
What is the highest common factor of 2320 and 114260?
580
Calculate the greatest common factor of 3096 and 2652.
12
What is the highest common divisor of 527431 and 3556?
127
Calculate the greatest common factor of 98904 and 336.
24
What is the greatest common divisor of 1696 and 813020?
212
Calculate the highest common factor of 33029 and 6.
1
What is the highest common factor of 3240 and 3510?
270
Calculate the greatest common divisor of 42028 and 12166.
1106
Calculate the highest common divisor of 85 and 97716.
17
What is the greatest common factor of 2779 and 7833?
7
What is the highest common divisor of 110220 and 4125?
165
Calculate the highest common factor of 20 and 336080.
20
What is the greatest common divisor of 486 and 26580?
6
Calculate the highest common factor of 465 and 365955.
465
Calculate the highest common divisor of 45 and 6195720.
15
Calculate the highest common factor of 6409 and 6058.
13
What is the highest common divisor of 1450 and 2287375?
725
What is the greatest common factor of 6630 and 1445?
85
What is the highest common divisor of 348064 and 1788?
596
Calculate the greatest common factor of 1807 and 8201.
139
What is the greatest common factor of 740 and 76775?
185
Calculate the greatest common factor of 97 and 4116292.
97
Calculate the highest common factor of 83 and 173.
1
Calculate the highest common divisor of 36 and 78828.
12
What is the greatest common factor of 630 and 516810?
210
Calculate the highest common factor of 15 and 291.
3
Calculate the greatest common factor of 266651 and 175.
7
What is the highest common factor of 17557 and 97?
97
Calculate the greatest common factor of 23 and 1706531.
23
Calculate the greatest common factor of 26 and 232128.
26
Calculate the highest common factor of 4568 and 450519.
571
Calculate the highest common factor of 4272 and 458884.
356
Calculate the greatest common divisor of 11 and 1083049.
11
What is the highest common divisor of 759 and 8019?
33
Calculate the highest common factor of 42 and 16485.
21
Calculate the highest common divisor of 7389 and 10692.
9
Calculate the highest common divisor of 1181960 and 520.
520
Calculate the highest common factor of 80364 and 1629.
543
What is the highest common divisor of 3013 and 5371?
131
Calculate the greatest common divisor of 224 and 9478.
14
What is the highest common divisor of 20184 and 2726?
58
Calculate the highest common factor of 1078 and 26796.
154
Calculate the greatest common factor of 246805 and 585.
65
Calculate the highest common factor of 12097 and 23.
1
Calculate the highest common divisor of 19 and 2778541.
19
Calculate the highest common factor of 6872 and 636.
4
What is the greatest common divisor of 35017 and 5723?
97
What is the highest common divisor of 121 and 4631?
11
What is the highest common factor of 4836 and 3348?
372
What is the highest common factor of 9 and 25167?
3
Calculate the greatest common factor of 92218 and 1176.
98
What is the highest common factor of 144321 and 292?
73
Calculate the greatest common factor of 32239 and 2817.
313
Calculate the highest common divisor of 1207 and 18292.
17
Calculate the highest common factor of 2115 and 799.
47
Calculate the greatest common factor of 1716 and 160446.
858
What is the highest common factor of 380218 and 151?
151
